4884449 a composite number?
False
Is 48474289 composite?
False
Is 7296509 prime?
False
Is 3477433 composite?
True
Is 16236651 composite?
True
Is 12315913 a prime number?
False
Is 10690571 a composite number?
False
Is 108752959 a composite number?
True
Is 18893111 a prime number?
True
Is 43501921 composite?
False
Is 8192201 a composite number?
False
Is 19416183 composite?
True
Is 261713633 composite?
False
Is 15183203 composite?
True
Is 24919527 composite?
True
Is 62628071 prime?
False
Is 6571013 composite?
False
Is 58186243 composite?
False
Is 22005703 composite?
False
Is 11512817 composite?
False
Is 8738239 a prime number?
True
Is 76393498 a prime number?
False
Is 3180841 prime?
True
Is 64436899 a composite number?
False
Is 2178653 a prime number?
True
Is 79077589 a prime number?
False
Is 1828909 prime?
False
Is 3360803 composite?
True
Is 6690143 prime?
True
Is 661321 composite?
False
Is 69957131 a prime number?
False
Is 323838311 a composite number?
False
Is 6326902 composite?
True
Is 3697691 a prime number?
True
Is 64521937 a prime number?
True
Is 231113 prime?
False
Is 29451073 prime?
True
Is 2152191 composite?
True
Is 110321269 a composite number?
False
Is 327246977 a composite number?
False
Is 119708729 composite?
True
Is 28165595 prime?
False
Is 4486439 prime?
False
Is 2381667 prime?
False
Is 33272639 composite?
False
Is 4676011 composite?
False
Is 9273661 a prime number?
False
Is 7536121 a composite number?
True
Is 53579909 prime?
True
Is 26467823 prime?
True
Is 9836663 a prime number?
False
Is 588333 composite?
True
Is 6499541 a composite number?
False
Is 4016399 a prime number?
False
Is 9618703 a prime number?
False
Is 12623189 a composite number?
False
Is 34712737 prime?
False
Is 202110059 a prime number?
False
Is 3575053 composite?
True
Is 52803593 prime?
False
Is 444217 a prime number?
False
Is 33231241 a composite number?
False
Is 224424493 prime?
True
Is 3904507 a prime number?
False
Is 112673777 prime?
True
Is 124472563 prime?
True
Is 11166679 composite?
False
Is 660205633 composite?
False
Is 12691241 a prime number?
False
Is 1679197 prime?
False
Is 98731459 a prime number?
True
Is 2839883 composite?
True
Is 336703987 prime?
True
Is 172619053 a prime number?
True
Is 172329263 a prime number?
True
Is 29627401 composite?
False
Is 72264457 composite?
True
Is 6164913 a composite number?
True
Is 1250839 a composite number?
False
Is 32655947 a composite number?
False
Is 3575459 prime?
False
Is 1435747 a composite number?
True
Is 210157 a prime number?
True
Is 5069143 composite?
True
Is 1385743 prime?
True
Is 96782083 prime?
False
Is 15101633 prime?
True
Is 6474557 composite?
False
Is 17813021 a composite number?
True
Is 2945609 a prime number?
True
Is 25536541 prime?
True
Is 230147569 prime?
True
Is 16571651 composite?
True
Is 418007 a composite number?
False
Is 1971563 composite?
True
Is 1058054 prime?
False
Is 163700087 a composite number?
True
Is 12672817 prime?
True
Is 147019 prime?
False
Is 18806831 a prime number?
True
Is 4631227 prime?
True
Is 64622263 a composite number?
False
Is 604171 prime?
True
Is 130854371 composite?
False
Is 58234283 prime?
False
Is 102483023 composite?
False
Is 174177109 a composite number?
False
Is 9988607 a prime number?
True
Is 104591063 composite?
False
Is 91145623 a composite number?
False
Is 23260067 prime?
True
Is 180110389 prime?
True
Is 78861883 a composite number?
True
Is 44343029 a prime number?
True
Is 31521937 a prime number?
False
Is 4797233 a prime number?
False
Is 1918033 prime?
False
Is 944681 a prime number?
False
Is 81098009 a composite number?
True
Is 127173909 a composite number?
True
Is 115450691 composite?
False
Is 2081237 a composite number?
False
Is 97029749 composite?
False
Is 10668613 composite?
False
Is 128280091 prime?
False
Is 1185161 prime?
False
Is 186575729 prime?
True
Is 105264713 a composite number?
True
Is 48847 prime?
True
Is 143363 prime?
False
Is 11991911 a composite number?
False
Is 51595157 a composite number?
False
Is 87303023 a prime number?
True
Is 134281643 a composite number?
False
Is 157528571 a prime number?
False
Is 49080943 a composite number?
False
Is 549075939 a composite number?
True
Is 67869379 prime?
False
Is 10148291 composite?
False
Is 1774895 prime?
False
Is 2659663 prime?
True
Is 1009837 a prime number?
True
Is 335854957 a prime number?
False
Is 7631693 a composite number?
False
Is 233892683 prime?
True
Is 67559419 a prime number?
True
Is 194589481 a prime number?
True
Is 3272069 a prime number?
True
Is 29881877 a prime number?
False
Is 228883909 composite?
False
Is 1519537 a composite number?
True
Is 2532587 a composite number?
False
Is 12818839 a prime number?
False
Is 926795 prime?
False
Is 406599 prime?
False
Is 1300181 a prime number?
True
Is 30965729 prime?
False
Is 276060581 a composite number?
False
Is 243757559 a prime number?
True
Is 965303 a prime number?
True
Is 350859 prime?
False
Is 206431 composite?
True
Is 775322651 a composite number?
False
Is 19521473 composite?
False
Is 2310731 a composite number?
False
Is 6450447 a prime number?
False
Is 24875153 prime?
True
Is 21372049 composite?
True
Is 4997437 a prime number?
False
Is 377038 a composite number?
True
Is 15349001 composite?
False
Is 294752407 prime?
True
Is 3975353 a prime number?
True
Is 1729895 composite?
True
Is 264932483 a prime number?
True
Is 4346591 prime?
False
Is 10900349 composite?
True
Is 3214169 prime?
False
Is 32977795 a prime number?
False
Is 62082007 composite?
True
Is 27713141 composite?
True
Is 26163191 a prime number?
False
Is 59725717 a prime number?
False
Is 11611203 a prime number?
False
Is 62374577 a prime number?
True
Is 32753155 prime?
False
Is 9393557 prime?
True
Is 140544163 a prime number?
True
Is 4802729 prime?
True
Is 40675251 a prime number?
False
Is 25287239 composite?
True
Is 6235921 prime?
False
Is 133929611 composite?
False
Is 4642817 composite?
False
Is 917227015 a prime number?
False
Is 119258813 a prime number?
True
Is 97800181 a prime number?
False
Is 453839 composite?
True
Is 21423991 prime?
False
Is 25607753 prime?
True
Is 1637087 a prime number?
True
Is 55263661 a prime number?
True
Is 1439831 a composite number?
True
Is 263907493 a composite number?
False
Is 122388659 a prime number?
True
Is 8639441 a composite number?
False
Is 32651327 a prime number?
True
Is 3770543 a composite number?
True
Is 32771033 composite?
False
Is 20738639 prime?
True
Is 9480997 a prime number?
True
Is 357421 a composite number?
False
Is 324714913 prime?
True
Is 201279641 prime?
False
Is 26439977 prime?
True
Is 117189217 composite?
False
Is 5129479 a composite number?
False
Is 21787 a prime number?
True
Is 725105 prime?
False
Is 44593259 prime?
True
Is 7382359 a prime number?
False
Is 21063509 composite?
True
Is 246311 a composite number?
True
Is 1610059 composite?
True
Is 5006369 prime?
True
Is 33207701 composite?
False
Is 337751 a composite number?
False
Is 10754701 prime?
True
Is 428309099 a composite number?
False
Is 2226589 prime?
False
Is 1100701963 a prime number?
True
Is 943541 a composite number?
False
Is 1271471 a composite number?
False
Is 10007306 composite?
True
Is 565945 a composite number?
True
Is 67107311 prime?
True
Is 1162093 a composite number?
False
Is 1218961 prime?
False
Is 2399227 prime?
False
Is 66160747 prime?
False
Is 746079197 a composite number?
True
Is 106612934 prime?
False
Is 6680851 a composite number?
False
Is 518078273 a composite number?
False
Is 95445653 a prime number?
False
Is 98107851 prime?
False
Is 224931067 a composite number?
True
Is 50435767 composite?
False
Is 18404097 prime?
False
Is 622658597 prime?
False
Is 507531733 a prime number?
True
Is 118187653 a composite number?
True
Is 13068509 a prime number?
True
Is 4974103 prime?
False
Is 61200313 a prime number?
True
Is 5875777 a composite number?
True
Is 2427571 a composite number?
False
Is 60752183 a prime number?
False
Is 37957947 prime?
False
Is 60912793 prime?
True
Is 3566149 composite?
False
Is 154487 a composite number?
False
Is 6648523 composite?
True
Is 18424777 a prime number?
False
Is 241428379 composite?
False
Is 229901 prime?
False
Is 40629089 a composite number?
True
Is 1695461 composite?
True
Is 9348683 a composite number?
False
Is 84195307 co